 millions digit of 1454413798?
4
What is the hundred thousands digit of 9426414?
4
What is the tens digit of 118984854?
5
What is the ten millions digit of 361046505?
6
What is the units digit of 115301731?
1
What is the hundred millions digit of 5514643669?
5
What is the tens digit of 1330210454?
5
What is the hundred thousands digit of 1249315146?
3
What is the hundred thousands digit of 149954821?
9
What is the tens digit of 3081687420?
2
What is the hundred thousands digit of 564540579?
5
What is the hundred millions digit of 1140058163?
1
What is the hundred thousands digit of 250579726?
5
What is the hundreds digit of 105699394?
3
What is the hundreds digit of 864319269?
2
What is the millions digit of 572687964?
2
What is the hundred thousands digit of 37266872?
2
What is the units digit of 38123807?
7
What is the ten millions digit of 47333615?
4
What is the units digit of 36800462?
2
What is the tens digit of 1754420037?
3
What is the millions digit of 166293434?
6
What is the millions digit of 114380382?
4
What is the hundred thousands digit of 358468198?
4
What is the hundred millions digit of 841291364?
8
What is the hundreds digit of 19232065?
0
What is the hundreds digit of 1732532073?
0
What is the millions digit of 14086131?
4
What is the units digit of 1197061345?
5
What is the units digit of 2551703125?
5
What is the hundreds digit of 54078625?
6
What is the ten thousands digit of 86809001?
0
What is the thousands digit of 2561170713?
0
What is the units digit of 2081309304?
4
What is the thousands digit of 1416067125?
7
What is the units digit of 853768126?
6
What is the tens digit of 339830912?
1
What is the hundred thousands digit of 2906350766?
3
What is the hundreds digit of 206362982?
9
What is the thousands digit of 1233983378?
3
What is the ten thousands digit of 2505688253?
8
What is the millions digit of 2774696747?
4
What is the hundreds digit of 1163671232?
2
What is the ten millions digit of 142574972?
4
What is the tens digit of 4360599156?
5
What is the ten thousands digit of 5822453388?
5
What is the thousands digit of 881626600?
6
What is the ten millions digit of 175430761?
7
What is the hundreds digit of 150300527?
5
What is the tens digit of 130763215?
1
What is the thousands digit of 34483082?
3
What is the millions digit of 47230974?
7
What is the ten thousands digit of 2652942802?
4
What is the hundreds digit of 22268967?
9
What is the ten thousands digit of 5200327?
0
What is the units digit of 789185554?
4
What is the ten millions digit of 3539106742?
3
What is the ten millions digit of 65652108?
6
What is the hundreds digit of 57491018?
0
What is the hundreds digit of 465809702?
7
What is the millions digit of 395758844?
5
What is the hundred millions digit of 810601144?
8
What is the units digit of 1032179742?
2
What is the tens digit of 29270910?
1
What is the millions digit of 51356854?
1
What is the hundreds digit of 313730803?
8
What is the hundred thousands digit of 353773299?
7
What is the hundred thousands digit of 106650869?
6
What is the hundred thousands digit of 5000384749?
3
What is the ten thousands digit of 138681529?
8
What is the ten millions digit of 2504918281?
0
What is the tens digit of 40705099?
9
What is the tens digit of 59305676?
7
What is the units digit of 119677641?
1
What is the billions digit of 3402765879?
3
What is the hundred thousands digit of 1420994061?
9
What is the tens digit of 67534106?
0
What is the ten millions digit of 119825013?
1
What is the ten thousands digit of 66761343?
6
What is the tens digit of 28173716?
1
What is the thousands digit of 6153762?
3
What is the millions digit of 493381011?
3
What is the millions digit of 250423440?
0
What is the thousands digit of 20332622?
2
What is the ten thousands digit of 322908914?
0
What is the hundred thousands digit of 822241143?
2
What is the units digit of 121472276?
6
What is the ten millions digit of 42398501?
4
What is the hundreds digit of 3217758348?
3
What is the hundreds digit of 519920683?
6
What is the hundreds digit of 139286861?
8
What is the millions digit of 107076061?
7
What is the hundred millions digit of 122765935?
1
What is the ten thousands digit of 2622729037?
2
What is the hundred millions digit of 560225013?
5
What is the millions digit of 439735608?
9
What is the hundreds digit of 41061347?
3
What is the ten thousands digit of 119783095?
8
What is the hundreds digit of 1490643494?
4
What is the tens digit of 55415953?
5
What is the hundred thousands digit of 159539720?
5
What is the units digit of 85043264?
4
What is the hundreds digit of 35765984?
9
What is the ten millions digit of 774970300?
7
What is the hundred millions digit of 186496141?
1
What is the hundreds digit of 89685521?
5
What is the billions digit of 5753596485?
5
What is the tens digit of 217613203?
0
What is the millions digit of 96565130?
6
What is the ten millions digit of 24610595?
2
What is the millions digit of 86962094?
6
What is the ten thousands digit of 330884612?
8
What is the ten thousands digit of 85024996?
2
What is the units digit of 28513488?
8
What is the ten thousands digit of 175269192?
6
What is the hundred millions digit of 193697253?
1
What is the hundred millions digit of 1066278793?
0
What is the ten millions digit of 66196402?
6
What is the hundred thousands digit of 835452336?
4
What is the hundred millions digit of 1043578713?
0
What is the ten millions digit of 31076436?
3
What is the ten millions digit of 464365604?
6
What is the thousands digit of 90012517?
2
What is the ten thousands digit of 303390?
0
What is the millions digit of 861379643?
1
What is the ten thousands digit of 116203525?
0
What is the hundred thousands digit of 17040374?
0
What is the ten millions digit of 621953962?
2
What is the millions digit of 77622552?
7
What is the units digit of 2781510182?
2
What is the thousands digit of 878068903?
8
What is the tens digit of 413039632?
3
What is the hundred millions digit of 2322908032?
3
What is the ten millions digit of 77964410?
7
What is the tens digit of 84511346?
4
What is the millions digit of 482627804?
2
What is the hundreds digit of 215785719?
7
What is the millions digit of 1385043197?
5
What is the units digit of 3284600278?
8
What is the ten millions digit of 1954591220?
5
What is the thousands digit of 4727535898?
5
What is the hundreds digit of 1379285522?
5
What is the tens digit of 41681746?
4
What is the hundreds digit of 2866376522?
5
What is the billions digit of 1834837796?
1
What is the ten millions digit of 2179752706?
7
What is the hundred thousands digit of 2672513303?
5
What is the thousands digit of 537265062?
5
What is the tens digit of 40362513?
1
What is the millions digit of 995158879?
5
What is the hundred thousands digit of 210937514?
9
What is the hundreds digit of 2488728277?
2
What is the ten thousands digit of 373856082?
5
What is the hundreds digit of 696167565?
5
What is the thousands digit of 111645815?
5
What is the tens digit of 41364936?
3
What is the billions digit of 1557131193?
1
What is the millions digit of 2028495476?
8
What is the thousands digit of 1104806893?
6
What is the units digit of 9344478?
8
What is the ten millions digit of 3490531949?
9
What is the thousands digit of 556983644?
3
What is the tens digit of 91092549?
4
What is the thousands digit of 108848205?
8
What is the hundreds digit of 23015461?
4
What is the ten thousands digit of 158743130?
4
What is the thousands digit of 214188081?
8
What is the tens digit of 104872491?
9
What is the hundred millions digit of 908065904?
9
What is the units digit of 24014704?
4
What is the tens digit of 94054038?
3
What is the thousands digit of 326352192?
2
What is the hundreds digit of 39397686?
6
What is the thousands digit of 623000884?
0
What is the units digit of 4648374935?
5
What is the tens digit of 1021806073?
7
What is the hundred millions digit of 2352397734?
3
What is the hundred millions digit of 669385389?
6
What is the tens digit of 2062801?
0
What is the units digit of 1124242001?
1
What is the hundreds digit of 1170866485?
4
What is the millions digit of 43672565?
3
What is the millions digit of 18422284?
8
What is the hundred thousands digit of 13555